{"id":2,"date":"2014-10-12T15:40:43","date_gmt":"2014-10-12T15:40:43","guid":{"rendered":"https:\/\/tierereden.at\/?page_id=2"},"modified":"2015-02-24T17:19:44","modified_gmt":"2015-02-24T15:19:44","slug":"beispiel-seite","status":"publish","type":"page","link":"https:\/\/tierereden.at\/?page_id=2","title":{"rendered":"\u00fcber mich"},"content":{"rendered":"<p><a href=\"https:\/\/tierereden.at\/wp-content\/uploads\/2014\/10\/familienfoto-lieb.jpg\"><img loading=\"lazy\" decoding=\"async\" class=\"alignnone size-medium wp-image-7\" src=\"https:\/\/tierereden.at\/wp-content\/uploads\/2014\/10\/familienfoto-lieb-300x246.jpg\" alt=\"sommer 2014\" width=\"300\" height=\"246\" srcset=\"https:\/\/tierereden.at\/wp-content\/uploads\/2014\/10\/familienfoto-lieb-300x246.jpg 300w, https:\/\/tierereden.at\/wp-content\/uploads\/2014\/10\/familienfoto-lieb.jpg 585w\" sizes=\"auto, (max-width: 300px) 100vw, 300px\" \/><\/a><\/p>\n<p>Ich bin Regina Maria Hasenzagl, ausgebildete Tierkommunikatorin nach Penelope Smith und Mitbewohnerin von drei wundervollen H\u00fcndinnen und einer f\u00fcnfk\u00f6pfigen Katzenfamilie.<\/p>\n<p>Mein Leben ist gepr\u00e4gt von und mit Tieren. Schon als ich klein war waren Tiere meine st\u00e4ndigen Begleiterinnen. Ein Leben ohne Tiere w\u00fcrde bedeuten auf wundervolle Begleiterinnen, Zuh\u00f6rerinnen, LehererInnen zu verzichten und wer will das schon?<\/p>\n<p>Als mir vor \u00fcber 10 Jahren eine Freundin von einem Tierkommunikationskurs erz\u00e4hlte war ich sofort begeistert und rasch merkte ich, dass es genau das war wonach ich schon immer suchte. Die Tierkommunikation hat mein Leben ver\u00e4ndert und jetzt freue ich mich, wenn ich dein Leben damit ver\u00e4ndern kann.<\/p>\n<p>Tiere haben uns so vieles zu geben, so vieles zu zeigen, so vieles zu sagen.\u00a0 Wir m\u00fcssen nur lernen zu zuh\u00f6ren&#8230;..<\/p>\n<p>&nbsp;<\/p>\n<p>&nbsp;<\/p>\n<p>ich werde bald mehr \u00fcber meinen hintergrund schreiben. derzeit ist diese seite im umbau. schau also bitte bald wieder vorbei!<\/p>\n","protected":false},"excerpt":{"rendered":"<p>Ich bin Regina Maria Hasenzagl, ausgebildete Tierkommunikatorin nach Penelope Smith und Mitbewohnerin von drei wundervollen H\u00fcndinnen und einer f\u00fcnfk\u00f6pfigen Katzenfamilie. Mein Leben ist gepr\u00e4gt von und mit Tieren. Schon als ich klein war waren Tiere meine st\u00e4ndigen Begleiterinnen. Ein Leben ohne Tiere w\u00fcrde bedeuten auf wundervolle Begleiterinnen, Zuh\u00f6rerinnen, LehererInnen zu verzichten und wer will das &hellip; <a href=\"https:\/\/tierereden.at\/?page_id=2\" class=\"more-link\"><span class=\"screen-reader-text\">\u00fcber mich<\/span> weiterlesen <span class=\"meta-nav\">&rarr;<\/span><\/a><\/p>\n","protected":false},"author":1,"featured_media":0,"parent":0,"menu_order":0,"comment_status":"open","ping_status":"open","template":"","meta":{"footnotes":""},"class_list":["post-2","page","type-page","status-publish","hentry"],"_links":{"self":[{"href":"https:\/\/tierereden.at\/index.php?rest_route=\/wp\/v2\/pages\/2","targetHints":{"allow":["GET"]}}],"collection":[{"href":"https:\/\/tierereden.at\/index.php?rest_route=\/wp\/v2\/pages"}],"about":[{"href":"https:\/\/tierereden.at\/index.php?rest_route=\/wp\/v2\/types\/page"}],"author":[{"embeddable":true,"href":"https:\/\/tierereden.at\/index.php?rest_route=\/wp\/v2\/users\/1"}],"replies":[{"embeddable":true,"href":"https:\/\/tierereden.at\/index.php?rest_route=%2Fwp%2Fv2%2Fcomments&post=2"}],"version-history":[{"count":4,"href":"https:\/\/tierereden.at\/index.php?rest_route=\/wp\/v2\/pages\/2\/revisions"}],"predecessor-version":[{"id":14,"href":"https:\/\/tierereden.at\/index.php?rest_route=\/wp\/v2\/pages\/2\/revisions\/14"}],"wp:attachment":[{"href":"https:\/\/tierereden.at\/index.php?rest_route=%2Fwp%2Fv2%2Fmedia&parent=2"}],"curies":[{"name":"wp","href":"https:\/\/api.w.org\/{rel}","templated":true}]}}